(s) = s**2 - 6*s + 1. Suppose -4*q + 2*c + 32 = -0*c, -3*c = 2*q - 8. Determine y(q).
8
Suppose -2*c + 6*c + 4 = 0, 5*j - c = 16. Let z(r) = -4*r**2 + 5*r**2 + 3 + 3*r**2 - 8 + r**j. Let g(i) = -i**3 + 5*i**2 - 4. Let n be g(5). Give z(n).
-5
Let u(j) = -j**2 - 6*j - 1. Let r(q) = -q**2 + 3*q + 3. Let w be r(-2). Suppose a - 5*d + 6 = 15, 0 = 3*a - 4*d + 17. Let p = a - w. Give u(p).
7
Let l(y) = 20 + 91*y - 83*y + 12*y**2 - 13*y**2. Give l(9).
11
Let k(q) be the third derivative of q**6/120 + q**5/5 - q**4/12 - 7*q**3/3 - 7*q**2 + 4*q. Determine k(-12).
10
Let a(t) = -t**3 + 3. Let n be a(0). Let k(s) be the second derivative of -s**4/24 - 4*s**2 + 12*s. Let p(g) be the first derivative of k(g). Determine p(n).
-3
Let x(r) = r + 16. Suppose -w + 8*i = 9*i + 5, -4*i + 34 = -2*w. Determine x(w).
7
Let v = 6 + -21. Let l = v - -10. Let x(s) be the second derivative of s**4/12 + s**3 + 2*s. What is x(l)?
-5
Let x(v) = v**2 + 3*v - 6. Let n be x(-5). Let b = -3 + n. Suppose 0 = 4*f - 3*f + b. Let k(p) = 10*p**3 + p. Calculate k(f).
-11
Let n(r) = 8*r**2 + 3 - 4*r**2 + r**2 + 6*r - 4*r**2. Suppose 12*u + 2*u = -56. Determine n(u).
-5
Let y(t) be the first derivative of t**5/20 + t**4/8 + 11*t**2/2 + 3. Let n(j) be the second derivative of y(j). Determine n(-2).
6
Let y be 8/(-6)*(-15)/5 + 5. Let m(b) = -4*b + 8. Give m(y).
-28
Suppose 2*p + 4*g = -g + 26, -p - 3*g = -14. Let v(c) = 2*c + 3*c - 11 + p. Determine v(-3).
-18
Suppose -2*o + 276 = 4*x + 282, 0 = 2*o + 2*x + 8. Let h(a) = -4*a**2 - 6*a + 2 + 3 + 3*a**2. What is h(o)?
10
Let r = 184 - 187. Let n(q) be the third derivative of q**6/120 + q**5/20 + q**4/24 + 8*q**2. What is n(r)?
-3
Let m(w) = -w + 3. Let z(h) = h**3 - 16*h**2 - 2*h - 4. Let l be z(16). Let s be (-420)/(-54) + (-8)/l. Suppose 4*j - p + s = 23, 12 = -j - 5*p. What is m(j)?
0
Let b = 954 + -952. Let x(v) = -9*v**3 + 11*v**2 - 6*v - 3. Let r(d) = 5*d**3 - 6*d**2 + 3*d + 2. Let q(f) = -7*r(f) - 4*x(f). Give q(b).
4
Let b = -2 - 5. Let o(r) = -1 - 3 + 4 - 7 + 2 + r. Give o(b).
-12
Let d(w) be the first derivative of -10*w**3/3 - w**2 + 2*w + 628. Give d(-2).
-34
Let h(b) be the first derivative of 5*b**3/3 + 3*b**2/2 - 3*b + 6. Let s be h(1). Let q(d) = d**3 - 5*d**2 + d. Calculate q(s).
5
Let s(a) be the third derivative of 1/6*a**3 - 7/24*a**4 + 36*a**2 + 0*a + 0 + 1/60*a**5. Determine s(6).
-5
Let m(p) = -p**2 + 8*p - 11. Let z be m(4). Let v(b) = 4 - 1 + z*b + 0 - b. Calculate v(-3).
-9
Let i(u) = 32*u - 4. Let w(v) = 7*v - 1. Let d(x) = 2*i(x) - 9*w(x). Suppose -j = 3*j - 8. What is d(j)?
3
Let s(a) = a**3 - 8*a**2 - 7*a + 19. Let o be s(9). Let l(i) = -6 + 16*i - o*i + 20*i. Give l(-7).
1
Let k(p) = -4*p - 29. Let t be k(-10). Let v(m) = 3*m**3 - 2*m - 3. Let q(l) = 16*l**3 - 9*l - 16. Let h(f) = t*v(f) - 2*q(f). What is h(3)?
14
Let m(c) = -1 + 51*c - 23*c - 27*c. Let i(g) = -10*g + 10. Let k(j) = -2*i(j) - 22*m(j). What is k(-4)?
10
Suppose 2*l = 5*v - 248, -7*v = -3*l - 3*v - 358. Let p = l - -118. Let k(c) = -c**3 + 5*c**2 - 5*c + 2. Calculate k(p).
-2
Let a(b) = b**2 - 10*b - 20. Suppose -4*x - 3*z + 7 + 29 = 0, 4*z = 5*x - 76. What is a(x)?
4
Let w(d) = 3*d**2 + 1 + 0*d**2 + d + 15*d**2 - 3*d**2. Determine w(-1).
15
Let d(a) = -a + 3*a + 46 - 46. Calculate d(-5).
-10
Let q = 13 + -7. Let n(s) = -20*s + 51. Let r(z) = -7*z + 17. Let o(p) = q*n(p) - 17*r(p). Let i be o(15). Let c(y) = 2*y + 2. Calculate c(i).
6
Suppose 0*m + m - 14 = -5*n, -2*n - 21 = -m. Let k = -12 + m. Suppose -5 = -2*z + k*z. Let r(y) = 4*y**3 - 2*y**2 - y. Calculate r(z).
-5
Let t(q) be the first derivative of -q**2/2 - 16*q + 221. Give t(-7).
-9
Let j be (-1 + -1)*39/6. Let m(t) = -t**2 - 14*t - 9. Let i be m(j). Suppose 6 = -a + i*a. Let l(z) = z**3 - 3*z**2 + 4*z - 3. Give l(a).
1
Let k(t) = 4*t + 3. Let u(j) = 5*j + 3. Let m(h) = -4*k(h) + 3*u(h). Determine m(-6).
3
Let z(n) be the third derivative of -n**4/24 - n**3/3 - 17*n**2. Give z(10).
-12
Let t(v) = v**2 - v - 7. Suppose 2*b = -4*g + 28, 4*g - 4*b - 10 - 6 = 0. Give t(g).
23
Let x(u) = 37*u - 1 - 16*u - 20*u - 1. Let k(m) = -m**2 - 4*m + 3. Let f be k(-4). Give x(f).
1
Let i(g) be the third derivative of 2*g**5/15 - g**4/24 + g**3/6 - 292*g**2 - 2. Give i(2).
31
Let b be 5 + (-2)/(-4)*-2. Suppose -2*h = -4*r - 14, 3*h + h + 4*r - b = 0. Let x(a) = 0*a + a**3 + 4 + 4*a**2 - 2*a + a**h - 3*a**3. Calculate x(4).
-4
Let z(m) = -m**2 - 4*m + 136. Let l be z(-14). Let x(o) be the third derivative of -o**5/60 - o**4/24 + 2*o**3/3 - o**2. Give x(l).
-8
Suppose 8 = -d + 10. Let x(s) = 9*s - 27*s**d + 26*s**2 - 8*s. Give x(4).
-12
Let s(m) = -m + 8. Let h be s(6). Suppose h*v - 5*v = -45. Suppose 10 = 2*t + 3*x, -3*t - x + v = x. Let p(g) = -g**3 + 6*g**2 - 6*g + 6. What is p(t)?
1
Let x(c) be the first derivative of -c**4/4 + 3*c**3 + 4*c**2 + 5*c - 475. What is x(10)?
-15
Let p(x) = 3*x. Suppose o = 4*s + 9, -26*s = -2*o - 24*s. Determine p(o).
-9
Suppose 0 = 3*m - 5*m + 3*s - 29, -5*m - 4*s - 84 = 0. Let n = 13 + m. Let l(u) = u - 1. Calculate l(n).
-4
Let r(d) = -d**3 - d - 7. Suppose -3 = -5*a - 2*c + 17, -4*a = -2*c - 16. Let g(z) = z - 7. Let i be g(a). Let x be 0/((6 + i)/3). Give r(x).
-7
Let o be (5 - 2) + (3 - 3) + -3. Let w(d) be the second derivative of d**5/20 - d**2 - d. Determine w(o).
-2
Let x(v) = -8215*v + 2 - 8216*v + 16432*v - 1. Let j(c) = -5*c + 1. Let q be j(-1). What is x(q)?
7
Let p(g) = -g**3 + 3*g**2 + 10*g - 6. Let l be p(4). Let f(c) = -c - l*c - 1 - 5*c + 5*c. Determine f(1).
-20
Let h(j) = j**2 - 13*j + 21. Let s be h(2). Let l(u) = 54*u**3 - u**2 - u - 1. Calculate l(s).
-55
Let l(m) = 2 + 8 - 3*m + 8*m - 2*m - 2*m. Calculate l(-7).
3
Let l(w) be the third derivative of 0 - 1/60*w**5 + 0*w - 4/3*w**3 - 1/3*w**4 - 12*w**2. Suppose -3*f = -0*f + 21. What is l(f)?
-1
Let o(s) = 5 + s**2 - 165*s + 169*s - 7 + 2*s**2 - 2*s**2. Give o(-4).
-2
Let s(v) = v**3 - 7*v**2 + v**2 + 12 - 6*v**2 - 13. Give s(12).
-1
Let g be 7/(-21) + (-4)/(-12) + 6. Suppose -w + 20 = 3*s, 2*w = -3*s + 9 + 10. Let k(u) = -s*u + 3*u**2 - 2*u**2 - 5 + 2*u. Calculate k(g).
1
Let o(m) = m**2 + 14*m - 7. Let f = 107 + -122. Let k be o(f). Let b(p) = -p**2 + 8*p - 4. What is b(k)?
-4
Suppose 13*s - 59 = -20. Let n(z) = z - 3. Calculate n(s).
0
Let o(c) be the first derivative of c**3/3 - 5*c**2 + 11*c + 1. Calculate o(10).
11
Let b(r) = r**2 + r - 2. Let n be ((-15)/6)/(-5)*30. Let q be (6/(-7))/(3/(-42)). Let i = n - q. Determine b(i).
10
Let i(g) = g - 2. Let v = -44 - -49. Suppose 5*w - 56 = v*z - 11, -33 = -5*w + z. Calculate i(w).
4
Let p(n) = -2*n**2 - 2*n + 1. Let h be p(1). Let y be (-15)/6*(-16)/20. Let o(q) = 27*q - 16*q + q**y - 12*q. Calculate o(h).
12
Suppose 0 = -28*p - 40 + 180. Let c(b) = b**3 - 5*b**2 - 9. Let s(f) = 3*f**3 - 15*f**2 - 28. Let t(m) = -7*c(m) + 2*s(m). What is t(p)?
7
Let v(k) = -5*k**3 - k. Let p be (2 - 96/(-45)) + 2/(-15). Suppose -3*n - p*i = 15, -n + 0*i - 16 = 5*i. Give v(n).
6
Let j(z) = -4*z**2 - z**2 - 25*z + 7*z**2 + 29*z. Give j(-2).
0
Let d be -4 + (-5)/((-5)/9). Let j(p) = -6*p**3 + 5*p**2 + 3*p. Let i(x) = -7*x**3 + 5*x**2 + 4*x + 1. Let h(g) = -5*i(g) + 6*j(g). What is h(d)?
-15
Let b(k) = k + 1. Let w(o) = -2*o - 1. Let i(s) = 5*b(s) + 6*w(s). Let c(n) = 3*n. Let a(q) = 15*c(q) + 6*i(q). Let m be (-30)/(-5) - (5 - 3). Give a(m).
6
Let r(w) = 3*w**2 - 2*w. Let z(y) be the second derivative of -5*y**4/12 - y**3/3 + y**2/2 + 5*y. Let p be z(1). Let m be 5 - (-5)/(10/p). Determine r(m).
8
Let j(f) = 4*f - 3*f + 2*f - 3 + 6. Let o(c) = -c - 1. Let n(t) = -j(t) - 6*o(t). Let r = 0 - 2. Give n(r).
-3
Let l(t) = 0 + 9 - 2*t - 4*t**2 + t**2 + 0 + t**3. Determine l(4).
17
Let p(y) = -y**3 - 4*y**2 - 77*y - 308. Let q be p(-4). Let m(j) = 5*j**2 + 7*j - 5. Let u(a) = 6*a**2 + 8*a - 4. Let c(t) = 7*m(t) - 6*u(t). Calculate c(q).
-11
Let w = -10 + 9. Let z be (4 - (2 + w))/((-24)/16). Let o(t) = t**3 + t**2 + 2*t + 2. Determine o(z).
-6
Let t(n) = n + 2*n + 14 + 44. Let v be t(-18). Let y(s) be the first derivative of -s**4/4 + 5*s**3/3 - 3*s**2/2 + s - 1. Calculate y(v).
5
Let o(r) = -42*r - 9. Let b(l) = -79*l - 17. Let a(h) = 6*b(h) - 11*o(h). Calculate a(-2).
21
Let z(p) be the third derivative of -p**6/120 + p**5/12 - p**4/8 + 2*p**3/3 + 8*p**2 - 2. Let s(